o(-5). What is the highest common divisor of j and c?
5
Let a(w) = 5*w**3 + 2*w**2 - w - 5. Let o be a(3). Let k = -103 + o. What is the highest common factor of 42 and k?
42
Let u(o) = o**2 + o. Let p(h) = 2*h**2 + 3*h + 10. Let d(x) = -p(x) + 3*u(x). Let i be d(-8). Calculate the highest common divisor of 27 and i.
27
Let o = 9 + -18. Let h(s) = -s**3 - 7*s**2 + 9*s + 7. Let z be h(o). Let m(x) = x**2 - 9*x + 11. Let p be m(9). What is the highest common factor of z and p?
11
Let p be (-2)/8*1 + (-3077)/(-68). Let x be p/(-10)*(-44)/(2 + -1). Let k be ((1 - 2) + 0)*-18. Calculate the highest common factor of x and k.
18
Suppose -36*o = -41*o + 25. Suppose -42 = -o*u + 4*u. Calculate the highest common divisor of u and 6.
6
Let w = -26 + 28. Suppose -4*h + 3*x = -73, 2*h + 54 = 5*h - w*x. Let n be 144*(3 - (0 + 2)). What is the greatest common factor of h and n?
16
Let i be (-1 + (-4 - -6))/(2/14). Let o(x) = x**2 - 6*x + 3. Let z be o(4). Let c = i - z. What is the greatest common factor of 60 and c?
12
Suppose 4*y = 4*c - 356, -y - 2*y = -15. Let k be c/6 - 2/3. Suppose g + 2*z - 36 = 7*z, g = -2*z + k. What is the greatest common divisor of g and 147?
21
Let b(i) = i**2 + 6*i - 388. Let o be b(-23). Let z = 3 + -1. What is the highest common factor of o and z?
1
Suppose t + 0*t = 5, t = 5*r - 70. Calculate the greatest common factor of r and 375.
15
Suppose -8*s = -13*s + 90. Calculate the highest common factor of s and 12.
6
Suppose 0 = -2*q + 5*y + 140, 349 - 93 = 4*q - 4*y. Calculate the greatest common factor of 105 and q.
15
Let a be 0 + 1 + -1 + 16. Suppose 21*n + 31*n = -11*n + 5040. What is the highest common factor of a and n?
16
Let l be (-1585)/(-18) + (-62)/1116. Calculate the highest common divisor of l and 308.
44
Let k(q) = 18*q**2 + 3*q + 5. Let v be k(-1). Calculate the highest common factor of 35 and v.
5
Let j = 25 + -88. Let m = 75 + j. Calculate the greatest common factor of 30 and m.
6
Suppose -2*u - 20 = -12*u. Suppose 4*a - 3*t = 41, u*t - 89 = -5*a - 9. Calculate the greatest common divisor of 7 and a.
7
Let h(l) = -4*l - 13. Let r be h(-3). Let s be 15*((-40)/(-6))/(r + 3). Let u(f) = -11*f - 1. Let n be u(-1). What is the highest common factor of s and n?
10
Suppose 3*c + 2*f - 38 = -0*c, 2*c + 4*f - 12 = 0. Suppose 0*q = -2*q + 640. Suppose -q = 4*d - 9*d. Calculate the highest common divisor of d and c.
16
Suppose 4 = 5*f - 1, 5*t - 2*f - 8 = 0. Suppose 6*i - 675 = i. Suppose 0 = t*o - 3*n - i, 5*o - 4*n = n + 325. Calculate the greatest common factor of o and 40.
20
Let m be (5/(15/(-6)) - -5) + 54. Calculate the highest common divisor of m and 228.
57
Let f = 4 + 1. Let m(l) = 7*l + 27. Let i(j) = -20*j - 80. Let k(w) = 4*i(w) + 11*m(w). Let x be k(-8). What is the highest common divisor of f and x?
1
Let p = -15 + 17. Suppose -k = p*w - 43, 4*w + 5*k - 92 = k. Calculate the greatest common divisor of w and 140.
20
Let h(n) = -7*n - 4. Let d be h(-1). Suppose 15*l + d = 18*l. Calculate the greatest common factor of l and 1.
1
Let t = -28 + 50. Calculate the greatest common divisor of t and 110.
22
Let t = -493 - -584. What is the greatest common factor of 13 and t?
13
Suppose -72*v = -51199 - 6401. What is the highest common divisor of v and 32?
32
Let s be (-1 + 4)/(1/(-1)). Let o(c) be the first derivative of c**3/3 + 3*c + 78. Let t be o(s). What is the greatest common factor of 48 and t?
12
Let f(k) be the third derivative of -k**6/40 - k**5/12 - 7*k**4/12 + 2*k**3/3 - k**2 + 13. Let b be f(-5). Calculate the highest common divisor of b and 36.
36
Let b be 44 - (4 - (0 - -2)). Suppose o + 2*o - 90 = 0. Let n = o - 23. What is the highest common divisor of b and n?
7
Let t = 106 - 8. Suppose -3*r = -m + 3, -r - 2*r = -2*m - 6. Let j be (-42)/(-4)*(-12)/m. Calculate the highest common divisor of j and t.
14
Suppose 0 = -6*t + 4 - 16. Let y(c) = 61*c**2 + 6*c + 6. Let q be y(t). Let j be ((-68)/(-10))/((-2)/(-10)). Calculate the highest common divisor of j and q.
34
Let t = -1169 + 1729. Calculate the greatest common factor of t and 40.
40
Suppose 46*l - 13*l - 132 = 0. Calculate the greatest common divisor of 110 and l.
2
Let i = -175 - -569. Calculate the highest common divisor of 2 and i.
2
Let b(r) = -r**2 - 19*r + 73. Let g be b(-22). Suppose v + 5 - g = 0. Let c be ((-22)/(-6))/(1/6). Calculate the highest common divisor of c and v.
2
Let n = 28 - 11. Suppose n*t = 19*t. Suppose t = -8*q + 5*q + 42. Calculate the highest common divisor of 35 and q.
7
Let s = 98 - 78. Let u(k) = 11*k**2 + k. Let a be u(-1). Calculate the highest common divisor of s and a.
10
Suppose 9 = 3*w - p, -5*w + 2*p + 13 + 2 = 0. Suppose -3*j + 14 = 4*r, 2*r = w*j - 6 - 14. What is the greatest common factor of 18 and j?
6
Suppose 195 = f - 3*j, 3*j - 13 = -1. Suppose 15*c = c + 1750. Let s = 148 - c. Calculate the greatest common factor of s and f.
23
Let v = -5 - -17. Suppose -30*k = -33*k, -15 = -5*b + 2*k. What is the highest common factor of b and v?
3
Let j = 169 - 156. Let w(o) = -4*o**3 + o**2 - 2*o - 1. Let q be w(-2). Calculate the highest common factor of q and j.
13
Let n be (1452/(-96) - -15) + (-121)/(-8). Suppose 0 = -0*q + 5*q - 225. What is the highest common factor of q and n?
15
Let u(i) = i**2 + 2*i. Let s be u(-5). Let b be ((-650)/(-20) - 5)*6. What is the greatest common factor of b and s?
15
Suppose -5*u + 85 = -t, -2*u + 5*t = -4*u + 34. Suppose d = -d + 306. What is the greatest common divisor of d and u?
17
Let y = 36 + -61. Let s = 30 + y. Suppose -5*d = -s*b - 1545, 0*d = 3*d + 5*b - 919. Calculate the greatest common divisor of d and 28.
28
Suppose -3*x - 3*a + 111 = 0, 9*a = 2*x + 7*a - 62. Calculate the highest common divisor of 153 and x.
17
Suppose 0 = -3*n + 44 + 10. Calculate the greatest common divisor of 63 and n.
9
Let k = -471 - -496. What is the highest common factor of 175 and k?
25
Let r be (-442)/((-7)/14 + 0). Calculate the greatest common factor of r and 26.
26
Suppose -o + 4*m + 1225 = -m, 8 = -2*m. Let z = -853 + o. Calculate the greatest common divisor of z and 32.
32
Let k be (24/15)/(28/10 - 3). Let t be (21/14)/((-3)/k). Calculate the highest common divisor of t and 4.
4
Let o(g) = -4*g + 1. Let w = -16 - -13. Let h be o(w). Let j be h/3 + 4/6. Calculate the highest common factor of j and 2.
1
Suppose 13*l - 338 + 286 = 0. Calculate the highest common factor of l and 556.
4
Suppose -q - 638 - 993 = 4*a, 4*a - q + 1641 = 0. Let m = -289 - a. Let i be (-3 - 1)/(2/(-6)). What is the highest common divisor of i and m?
12
Let j = -92 - -107. Calculate the highest common factor of j and 15.
15
Let m(a) = -85*a**3 - a. Let j be m(1). Let s = j - -155. Suppose -87*l - 230 = -92*l. What is the greatest common factor of s and l?
23
Let q(s) = 20*s - 3. Let t be q(0). Let j be (5 - (1 + 0)) + 2. Let w = j + t. What is the greatest common factor of w and 33?
3
Let i = -646 - -742. What is the greatest common divisor of 48 and i?
48
Suppose 2*z + 6 = 0, z + 216 = r + 33. What is the highest common divisor of r and 40?
20
Let o be 86/6 - (-1)/(-3). Suppose -5*n + 5*z = -n - 3, -3*z + 15 = 0. What is the greatest common factor of o and n?
7
Suppose -56 = -5*s - 1. Let m be (19 + -6 - 6)*11. Calculate the greatest common factor of m and s.
11
Let k = -98 - -102. Suppose -4*m = -2*m, 0 = 2*p - 5*m - 40. Suppose p = 2*h + 3*h. Calculate the highest common factor of h and k.
4
Suppose -2*s + 4*h = -18, 0 = -2*s + s + 4*h + 15. Suppose -78 = -s*v - 24. Calculate the highest common factor of v and 198.
18
Suppose -4*z + 19 = -3*s, s - 4*z = 11 - 4. Let f(a) = -20*a - 252. Let v be f(-14). Let g = s + v. Calculate the greatest common factor of g and 120.
15
Let y(j) = j**3 + j**2 - 6*j - 4. Let a be y(-2). Let k = -1 - -3. Calculate the highest common factor of a and k.
2
Let t = -47 - -111. Suppose 20 = 3*z + 5, -5*o - z + 45 = 0. Calculate the greatest common divisor of o and t.
8
Suppose -4*f = -q + 394, q - f - 233 - 158 = 0. Calculate the greatest common divisor of 26 and q.
26
Suppose 5*s - 46 = -3*x, -3*x - 4*s + 26 = -3*s. Let n(y) = -y**3 - 6*y**2 - 2*y - 7. Let d be n(-7). Calculate the highest common factor of x and d.
7
Suppose -6*i = -s - 5*i + 5, 5*s + 2*i = 4. Suppose l - 34 + 1 =